011101?
110110100001
In base 7, what is 4320 - -112?
4432
In base 7, what is 1665114 - 3?
1665111
In base 12, what is -1 + 6356?
6355
In base 10, what is 709 - 55?
654
In base 10, what is 1 - -1737987?
1737988
In base 10, what is 5683 - -45?
5728
In base 7, what is -64 + 155502?
155405
In base 5, what is -141 - 12321?
-13012
In base 3, what is -2000112 + 121?
-1222221
In base 10, what is 3 - -4633?
4636
In base 14, what is -4 + -8d45?
-8d49
In base 4, what is 3103 + -1010?
2033
In base 2, what is -1000 - 10100111110011010?
-10100111110100010
In base 7, what is 1 + 1225055?
1225056
In base 13, what is 6 + 130a20?
130a26
In base 14, what is -4c0db + -3?
-4c100
In base 14, what is -5a - 324?
-380
In base 8, what is 22 - 12712?
-12670
In base 14, what is -8b - 237c?
-2429
In base 3, what is 1 + 21100000101?
21100000102
In base 3, what is -11 - 111212102121?
-111212102202
In base 8, what is 14 + 132?
146
In base 6, what is 1022102 + -2?
1022100
In base 8, what is 13222 - 114?
13106
In base 16, what is -2 - -9c0?
9be
In base 2, what is -1010101001 - 1101100001010?
-1110110110011
In base 11, what is -3a + -478?
-507
In base 5, what is -3 - -33331?
33323
In base 3, what is -102200 + 20022?
-12101
In base 6, what is 1243 + 133?
1420
In base 13, what is -a57 - -45?
-a12
In base 7, what is -555 - 224?
-1112
In base 9, what is -11 - -25610?
25588
In base 3, what is 112 + -21022111?
-21021222
In base 10, what is -110871 - 3?
-110874
In base 7, what is -302302 - 10?
-302312
In base 5, what is 334002114 - 0?
334002114
In base 11, what is -8 - -a952?
a945
In base 11, what is -22722 + 10?
-22712
In base 7, what is 12 - -531360?
531402
In base 3, what is 10010 - -211022?
221102
In base 15, what is dd0e0 - -5?
dd0e5
In base 16, what is -3cc + -8d2?
-c9e
In base 15, what is 2 - -39e7?
39e9
In base 15, what is -7e7 - -4c5?
-322
In base 7, what is 31305055 + 5?
31305063
In base 9, what is -43600 + -1?
-43601
In base 16, what is 311 - f2?
21f
In base 5, what is -2 + -104442104?
-104442111
In base 15, what is -12 - -1149?
1137
In base 2, what is 101 - -111011111010001?
111011111010110
In base 15, what is 2558 - 9?
254e
In base 12, what is 6 - -172950?
172956
In base 10, what is 12 - -8718?
8730
In base 11, what is -126 + 5837?
5711
In base 15, what is -bc + 2c?
-90
In base 15, what is 1766 - 7?
175e
In base 8, what is 2532 + 7?
2541
In base 11, what is 1074 - 97?
a88
In base 6, what is 152 - -30122?
30314
In base 10, what is -4420 - -218?
-4202
In base 11, what is 3 - -38912?
38915
In base 8, what is -5 - 203175?
-203202
In base 15, what is -3 + 19e10?
19e0c
In base 2, what is 101010010001001100 - -1?
101010010001001101
In base 4, what is 1020132 - -1232?
1022030
In base 2, what is -1011100 + -10110001011001?
-10110010110101
In base 6, what is -3345023 - 32?
-3345055
In base 8, what is 5 + -32720?
-32713
In base 4, what is 21011 + -123103?
-102032
In base 7, what is 4 - -20112?
20116
In base 13, what is 876b - 9?
8762
In base 6, what is 1 + -104002?
-104001
In base 13, what is 160a2 + -3?
1609c
In base 15, what is -c6 - -572?
49b
In base 11, what is -36 - 16937?
-16972
In base 4, what is 223213 - 123?
223030
In base 15, what is 1090 - e5?
e9a
In base 9, what is 41265 - -5?
41271
In base 12, what is 6 + -6b98b?
-6b985
In base 12, what is -5 + -558?
-561
In base 9, what is -1 - -71323?
71322
In base 7, what is 35 - -5332?
5400
In base 3, what is 11212222 - -1022122?
20012121
In base 10, what is 2638 + 12?
2650
In base 16, what is -2 + 437ca?
437c8
In base 13, what is 64 - 66c?
-608
In base 6, what is -2300 + -5114?
-11414
In base 5, what is -13133143 - 3?
-13133201
In base 14, what is -b + 6b8ab?
6b8a0
In base 4, what is -1110232132 - -2?
-1110232130
In base 13, what is 506 + 49?
552
In base 13, what is -352 + 181?
-1a1
In base 14, what is 0 - -877b9?
877b9
In base 10, what is -2082 - 258?
-2340
In base 11, what is -10528 + 61?
-10477
In base 11, what is -145190 - 2?
-145192
In base 5, what is -2313 + 44440?
42122
In base 7, what is 2 + 245645?
245650
In base 3, what is -20011020 - -2111?
-20001202
In base 6, what is 300 - 143435?
-143135
In base 5, what is -40 - -20124?
20034
In base 14, what is -2 + -128049?
-12804b
In base 11, what is -6 + 413860?
413855
In base 5, what is -2242341 - -11?
-2242330
In base 8, what is -22711 - 64?
-22775
In base 12, what is 5 + 99275?
9927a
In base 10, what is 41698 + -3?
41695
In base 4, what is -20322 + -12132?
-33120
In base 2, what is -100000000000000111010 - 0?
-100000000000000111010
In base 14, what is 1 - -1d9a2?
1d9a3
In base 7, what is -516 - 23255?
-24104
In base 2, what is -1111001101011110 - 11?
-1111001101100001
In base 4, what is -2 + 11113002?
11113000
In base 8, what is 7254 + -20?
7234
In base 9, what is -13743 + -6?
-13750
In base 3, what is -102210012222 + 11?
-102210012211
In base 9, what is 8 - -782?
801
In base 4, what is -231022200 + 1?
-231022133
In base 12, what is -1005 - -3?
-1002
In base 11, what is -1a + -267?
-286
In base 2, what is 110011011110011 + -1010110?
110011010011101
In base 13, what is 2351 - -4?
2355
In base 12, what is -195 - 97?
-270
In base 9, what is -12556 + 2?
-12554
In base 10, what is -308 + 93?
-215
In base 5, what is -11 + 10002?
4441
In base 10, what is -4 + 10687?
10683
In base 10, what is 2523 - 129?
2394
In base 14, what is -1c1502 + -2?
-1c1504
In base 12, what is -3a6931 + -5?
-3a6936
In base 9, what is -6 - -70143?
70136
In base 7, what is -1420360 - -30?
-1420330
In base 7, what is -1 - 144600?
-144601
In base 16, what is 3 + -990cc?
-990c9
In base 6, what is 2022 + 204?
2230
In base 6, what is -132323 + -504?
-133231
In base 13, what is -2063 + -c?
-2072
In base 5, what is 343202 + -1010?
342142
In base 11, what is 453 + 85?
528
In base 3, what is 2100110112 + -11?
2100110101
In base 13, what is -75 - -328a?
3215
In base 3, what is 12 + -120011120?
-120011101
In base 10, what is 4 + 373889?
373893
In base 14, what is 18 + 4a?
64
In base 5, what is -1310223 + 11?
-1310212
In base 14, what is -1 - -35512?
35511
In base 15, what is 38 + 30?
68
In base 3, what is -2210121 + -22021?
-10002212
In base 12, what is 2 + -9251?
-924b
In base 16, what is -15775 - -1?
-15774
In base 16, what is ad82 + 4?
ad86
In base 4, what is 1121 - -11220131?
11221312
In base 3, what is -12 - 120122200?
-120122212
In base 3, what is 122012 + 10222000?
11121012
In base 11, what is 7588a - -5?
75894
In base 9, what is 5030520 + 4?
5030524
In base 11, what is a436 + -5?
a431
In base 7, what is 1306 - 53?
1223
In base 11, what is -18 - -a7535?
a7518
In base 8, what is -174314 + -2?
-174316
In base 8, what is 12706 + 4?
12712
In base 9, what is 2347 - -1?
2348
In base 13, what is -87a3 - 14?
-87b7
In base 2, what is -100000 + -11010010011?
-11010110011
In base 15, what is -213 - -91?
-172
In base 2, what is -101001110011100 + 10010?
-101001110001010
In base 11, what is 1 + 10590a0?
10590a1
In base 5, what is -321442010 - -10?
-321442000
In base 8, what is -1 + 2431?
2430
In base 12, what is 1a4686 + 5?
1a468b
In base 10, what is -96 + 12057?
11961
In base 9, what is -343 - -1728?
1375
In base 12, what is 1 - -161a95?
161a96
In base 8, what is -247031 + -12?
-247043
In base 8, what is 40 - -6407?
6447
In base 5, what is 34203 + 41?
34244
In base 3, what is -112 - -10110022202?
10110022020
In base 11, what is -12266 + -11?
-12277
In base 16, what is -c + -31263?
-3126f
In base 12, what is 629882 - 5?
629879
In base 5, what is -402031 + 3?
-402023
In base 2, what is 10 + 1100101011010010010?
1100101011010010100
In base 6, what is -1403413 - -32?
-1403341
In base 6, what is -31410 + -31?
-31441
In base 15, what is -21c - -7b5?
598
In base 15, what is -522 + -7a?
-59c
In base 5, what is 3 - 4302404?
-4302401
In base 7, what is 2 + -1224112?
-1224110
In base 5, what is 23431 + -1124?
22302
In base 16, what is -b - -3666?
365b
In base 14, what is -135dcda + 3?
-135dcd7
In base 16, what is 5e797 + 5?
5e79c
In base 8, what is 5 - 3427?
-3422
In base 7, what is -6204 + -1?
-6205
In base 10, what is -141 + -1080?
-1221
In base 3, what is -1211200111 - 121?
-1211201002
In base 11, what is 1 - -5320?
5321
In base 4, what is -11 - -111332312?
111332301
In base 12, what is -52 + 66?
14
In base 4, what is -11 - -3023